 k**2 + 8*k + 24. What is the remainder when 28 is divided by x(-6)?
4
What is the remainder when (-11 - (-29 + 15))/((-3)/(-266)) is divided by 52?
6
Suppose 4*q - m = 267, 0 = -4*q - m + 67 + 194. Calculate the remainder when q is divided by 21.
3
Suppose 4*m = 4*d + 216, 9*m - 11*m + 114 = 4*d. Calculate the remainder when m is divided by 30.
25
Suppose 2*z - 64 = 5*t, 2*t + 2*t + 38 = z. Let d = -294 - -303. Calculate the remainder when z is divided by d.
4
Let i(p) = -6*p - 11. Let s be i(-3). Suppose s*o - 11 = 10. What is the remainder when 26 is divided by o?
2
What is the remainder when 2*(1496/16 + 0) is divided by 90?
7
Let v be (26/91)/((-1)/(-7)). Suppose -4*t + 34 = 2*k, 0 = -v*t - 3 + 7. Calculate the remainder when k is divided by 4.
1
Let m(y) = y**3 + 7*y**2 + 5*y - 3. Suppose -f = -2*f. Suppose -4*d - 3 + 35 = f. What is the remainder when m(-5) is divided by d?
6
Suppose -2*u - 15 = -7*u. Suppose 5*h + 23 = r + 3*h, u*h - 32 = -2*r. Calculate the remainder when r is divided by (8 + 2)*(3 + -2).
9
Suppose -4*t = 45*r - 49*r + 56, -32 = -2*r + 3*t. Calculate the remainder when 129 is divided by r.
9
Suppose 6*k = 5*k + 13. What is the remainder when 36/54*3*15 is divided by k?
4
Suppose -4 = -6*s + 4*s. Suppose s*q = -2*q - 24. Calculate the remainder when (-7 - q)/(2/(-24)) is divided by 7.
5
Let f(m) = -m**2 - 6*m + 7. Suppose 48 = u - 8. Calculate the remainder when u is divided by f(-4).
11
Let s be (-15)/(-6)*-2 + (-3 - -6). Calculate the remainder when 63 is divided by 65/2 + 6/4 + s.
31
Let r be (4/(-4) + 1)/(-1). Suppose 4*x + r*c + 2*c = 246, -59 = -x - c. Calculate the remainder when x is divided by 17.
13
Let i(u) = -u**3 + 3*u**2 - 3*u + 7. Let c be i(2). Suppose 4*p + c*o - 11 = p, 0 = 4*o + 8. What is the remainder when p is divided by 3?
1
What is the remainder when (-280)/(-25) - (-3)/(-15) is divided by 4?
3
Suppose -5*u + s + 3*s + 10 = 0, 0 = 2*u + 3*s + 19. Suppose 0 = -103*m + 102*m + 8. Calculate the remainder when (2 - 48)/u - 0 is divided by m.
7
Suppose 10*l = 3*l + 140. Calculate the remainder when l is divided by 11.
9
Let f = 123 + -91. Calculate the remainder when 798 is divided by f.
30
Let g = -586 + 588. Calculate the remainder when 59 is divided by g.
1
Suppose 2*g - 6*b - 1188 = -b, -3*b + 1740 = 3*g. Suppose 7*a = 109 + g. What is the remainder when a is divided by 34?
31
Let m be (-1 + 1)/((-66)/(-33)). Let k(q) = q**3 + q**2 + 2*q + 43. Calculate the remainder when k(m) is divided by 23.
20
Suppose 300 = 33*u - 8*u. Calculate the remainder when 22 is divided by u.
10
Suppose 5*w - 5*k + 10 = 4*w, 0 = 5*w + 5*k - 40. Suppose 94 = 4*s + w*f, -3*f + 9 = -2*s + 45. What is the remainder when 47 is divided by s?
5
Suppose -4*w + 200 + 56 = 4*s, 4*s = -5*w + 323. What is the remainder when 195 is divided by w?
61
Let t(j) = -9*j - 37. Let s be t(-6). Suppose s*d - 14*d - 36 = 0. What is the remainder when d is divided by 7?
5
Suppose 0 = 5*s + 5*w - 1480, -4*w + 511 + 83 = 2*s. What is the remainder when s is divided by 37?
36
Suppose 4*f + 2*c = 526, 5*c - 10 + 35 = 0. Let u(w) = -8*w + 5. Calculate the remainder when f is divided by u(-5).
44
Suppose 0 = 3*h - i - 13, 9*i - 4*i - 19 = h. Suppose 0 = 5*b - 2*w - 17 - 4, -5*w - h = 3*b. What is the remainder when (1 + -4)/b*-33 is divided by 6?
3
Let v(m) = 29*m - 9. Let o be 4*(-1)/(2/(-2)). Calculate the remainder when v(o) is divided by 22.
19
Suppose 25*k + 615 = 30*k. Calculate the remainder when k is divided by 43.
37
Let b = 8 + -49. Let x = b - -55. Calculate the remainder when 23 is divided by x.
9
Let c = 410 - -88. Calculate the remainder when c is divided by 10.
8
Let l = 45 + -22. Calculate the remainder when 68 is divided by l.
22
Suppose 3*t - 57 = -0*t. Suppose 2*s + 16 = 4*x + 38, s = x + 11. What is the remainder when t is divided by s?
8
Suppose -2*b = 2*q + b + 411, 4*q = -3*b - 831. What is the remainder when 166 is divided by -1 - -1 - q/5?
40
What is the remainder when -3 + (-732)/(-10) + 28/(-140) is divided by 26?
18
Let c be 0 - 1/(-3) - (-20)/12. Suppose 13*b = c*b + 605. Suppose -d = 2, 3*d = 4*u + 5*d - 72. Calculate the remainder when b is divided by u.
17
Calculate the remainder when 1765 is divided by 154/8 + 6/(-24).
17
Let a be -8 + 2 - 2*-1. Suppose 31 + 36 = v. Calculate the remainder when v is divided by (5 + -3)/(a/(-46)).
21
Suppose 3*a - 102 - 291 = 0. What is the remainder when a is divided by 17?
12
What is the remainder when 19 is divided by (-82)/(-8) - 165/(-220)?
8
Let a be 12/(-18) - 16/(-6). Suppose -k = j + a, 2*k = 4*j - 3*j - 13. What is the remainder when 153 is divided by 2*15 + (-5)/k?
29
Let l(g) = 3*g**2 + 4*g + 9. Calculate the remainder when 87 is divided by l(-3).
15
Let g be 0/3 + (2 - -1). Suppose -g*z - z = 0. Suppose -2*x = -z*x - 22. What is the remainder when 32 is divided by x?
10
Suppose 3*j + 5*a = 1 - 27, -3*a - 10 = -j. What is the remainder when 167/3 + 2/(-3) is divided by (-9 - -79)*j/(-5)?
27
Let i(d) be the first derivative of -5*d**2/2 - 4*d - 218. Suppose 0*s = s + 5. What is the remainder when i(s) is divided by 6?
3
Let t(y) = -8*y**3 + y**2 + y + 1. Let v = -1 - 0. What is the remainder when (-261)/(-18) + 2/4 is divided by t(v)?
6
Suppose a - 6 = 16. Let f = a - 6. Calculate the remainder when 636/f + 1/4 is divided by 21.
19
Suppose -1 + 11 = -5*y, 2*b + 4*y = -96. Let v = b - -16. Calculate the remainder when (-135)/(-4) + (-7)/v is divided by 12.
10
Suppose 168*x - 157*x = 55. Calculate the remainder when 30 is divided by x.
0
Suppose -737*l + 751*l - 252 = 0. What is the remainder when l is divided by 3?
0
Suppose -11*b = -0*b - 1155. Let p = b + -60. Calculate the remainder when p is divided by (-12)/8*(-8 + 0).
9
Suppose -3 = -m + 5*q, m + 8*q - 21 = 4*q. Calculate the remainder when 270 is divided by m.
10
Let a = 78 - 23. Let q = a + -44. Calculate the remainder when q is divided by 3.
2
Let k(p) = -2*p - 3. Let l be k(-9). Suppose -4*c + c = -l. What is the remainder when 14 is divided by c?
4
Let k(u) = u**3 + 39*u**2 - 57*u - 405. What is the remainder when k(-40) is divided by 56?
51
Let g = 0 - -6. What is the remainder when 20 is divided by g?
2
Let m(q) = -q**3 + 5*q**2 + 4*q + 2. Suppose 0 = 2*d + 25 - 61. What is the remainder when m(3) is divided by d?
14
Let w(h) = -2*h**2 - 7*h + 4. Let f be w(-6). Let v = -10 - f. Suppose -5*j = 5*y - 45, -j + 2*j + 9 = 5*y. Calculate the remainder when v is divided by j.
4
Let m = -554 - -1202. What is the remainder when 169 is divided by 1/(-5) - (m/15)/(-1)?
40
Let i(v) = -70*v - 77. What is the remainder when 1447 is divided by i(-2)?
61
Let s(d) = 5*d + 7. Let t be s(-5). Let b be (-45)/t + 2/(-4). Suppose -3*h + 10 = -b. Calculate the remainder when h is divided by 2.
0
Let p(b) = b - 11. Let l be p(16). Suppose -15 = -l*c + 2*c. Suppose -13 + 3 = -c*a. What is the remainder when 8 is divided by a?
0
Suppose -192 = -32*z + 26*z. What is the remainder when 152 is divided by z?
24
Let m be (18/10)/((-24)/(-240)). Let h = 31 - m. What is the remainder when h is divided by 6?
1
Calculate the remainder when 131 is divided by 69 + 0 - (-4)/(-16)*12.
65
Let q(i) = -17*i - 14. Let r = -82 - -77. Let g(d) = -17*d**3 - d. What is the remainder when q(r) is divided by g(-1)?
17
Suppose -80*r - 871 = -93*r. Calculate the remainder when 207 is divided by r.
6
Suppose -1 - 4 = -5*i. Let l(h) = 8*h + 3. Calculate the remainder when 43 is divided by l(i).
10
Let r(k) = 22*k - 1. Let w be r(-2). Calculate the remainder when 12 is divided by (-345)/w + 2/6.
4
Let y = 208 - 126. Calculate the remainder when y is divided by 22.
16
Let q(w) = -w**3 + 9*w**2. Let d be q(9). Suppose a - 4*z - 46 = d, -23 = a + 3*z - 69. What is the remainder when a is divided by 8?
6
Suppose -8*h + 179 = 3*c - 4*h, 118 = 2*c + 3*h. Calculate the remainder when c is divided by 10.
5
Suppose -26*i + 75 = 2*z - 27*i, -3*z + 5*i + 102 = 0. What is the remainder when 423 is divided by z?
33
Let f(g) = -11*g + 19. Let u be (1 - 2)/(1/13). Let n = -5 - u. Calculate the remainder when f(-1) is divided by n.
6
Let l = 37 + -9. What is the remainder when -130*l/(-48) + 2/12 is divided by 11?
10
Let h = 683 + -665. Calculate the remainder when h is di